{"id":107,"date":"2017-02-05T15:46:32","date_gmt":"2017-02-05T15:46:32","guid":{"rendered":"http:\/\/pfarrverband-dietramszell.de\/?page_id=107"},"modified":"2025-01-27T18:27:03","modified_gmt":"2025-01-27T18:27:03","slug":"impressum","status":"publish","type":"page","link":"https:\/\/pfarrverband-dietramszell.de\/WordPress_02\/?page_id=107","title":{"rendered":"Impressum"},"content":{"rendered":"<h3 style=\"text-align: center;\"><strong>Impressum gem\u00e4\u00df \u00a7 5 Telemediengesetz (TMG)<\/strong><\/h3>\n<p style=\"text-align: center;\">Im Pfarrverband Dietramszell<\/p>\n<p style=\"text-align: center;\">werden folgende Pfarreien gemeinsam verwaltet:<\/p>\n<p>&#8211; Pfarrei St. Leonhard, Ascholding<br \/>\n&#8211; Pfarrei Mari\u00e4 Himmelfahrt, Dietramszell<br \/>\n&#8211; Pfarrei St. Valentin, Hechenberg<br \/>\n&#8211; Kuratie Zu den sieben Schmerzen Mariens, Linden<br \/>\n&#8211; Kuratie St. Katharina, Thankirchen<\/p>\n<p style=\"text-align: center;\">Kath. Pfarrkirchenstiftung Mari\u00e4 Himmelfahrt Dietramszell<br \/>\nAm Richteranger 8<\/p>\n<p style=\"text-align: center;\">83623 Dietramszell<br \/>\nTelefon: 08027-9038-0<br \/>\nE-Mail:\u00a0<a href=\"mailto:pv-dietramszell@ebmuc.de\">pv-dietramszell@ebmuc.de<\/a><\/p>\n<p>Die kath. Pfarrkirchenstiftung Mari\u00e4 Himmelfahrt Dietramszell ist eine kirchliche Stiftung des \u00f6ffentlichen Rechts.<br \/>\nSie wird vertreten durch die Kirchenverwaltungen gem\u00e4\u00df der Ordnung f\u00fcr kirchliche Stiftungen in den bayrischen (Erz-)Di\u00f6zesen (KiStiftO).<\/p>\n<p>Kirchenverwaltungsvorstand:<br \/>\nPfarrer Thomas Neuberger (dienstliche Anschrift wie oben)<br \/>\nInhaltlich verantwortlich f\u00fcr diesen Internet-Auftritt:<br \/>\nPfarrer Thomas Neuberger (dienstliche Anschrift wie oben)<\/p>\n<p><strong>Haftung f\u00fcr Inhalte<\/strong><br \/>\nDie Inhalte unserer Seiten wurden mit gr\u00f6\u00dfter Sorgfalt erstellt. F\u00fcr die Richtigkeit, Vollst\u00e4ndigkeit und Aktualit\u00e4t der Inhalte k\u00f6nnen wir jedoch keine Gew\u00e4hr \u00fcbernehmen.<\/p>\n<p>Als Diensteanbieter sind wir gem\u00e4\u00df \u00a7 7 Abs.1 TMG f\u00fcr eigene Inhalte auf diesen Seiten nach den allgemeinen Gesetzen verantwortlich. Nach \u00a7\u00a7 8 bis 10 TMG sind wir als Diensteanbieter jedoch nicht verpflichtet, \u00fcbermittelte oder gespeicherte fremde Informationen zu \u00fcberwachen oder nach Umst\u00e4nden zu forschen, die auf eine rechtswidrige T\u00e4tigkeit hinweisen. Verpflichtungen zur Entfernung oder Sperrung der Nutzung von Informationen nach den allgemeinen Gesetzen bleiben hiervon unber\u00fchrt. Eine diesbez\u00fcgliche Haftung ist jedoch erst ab dem Zeitpunkt der Kenntnis einer konkreten Rechtsverletzung m\u00f6glich. Bei bekannt werden von entsprechenden Rechtsverletzungen werden wir diese Inhalte umgehend entfernen.<\/p>\n<p><strong>Haftung f\u00fcr Links<\/strong><br \/>\nUnser Angebot enth\u00e4lt Links zu externen Webseiten Dritter, auf deren Inhalte wir keinen Einfluss haben. Deshalb k\u00f6nnen wir f\u00fcr diese fremden Inhalte auch keine Gew\u00e4hr \u00fcbernehmen. F\u00fcr die Inhalte der verlinkten Seiten ist stets der jeweilige Anbieter oder Betreiber der Seiten verantwortlich. Die verlinkten Seiten wurden zum Zeitpunkt der Verlinkung auf m\u00f6gliche Rechtsverst\u00f6\u00dfe \u00fcberpr\u00fcft.<\/p>\n<p>Rechtswidrige Inhalte waren zum Zeitpunkt der Verlinkung nicht erkennbar. Eine permanente inhaltliche Kontrolle der verlinkten Seiten ist jedoch ohne konkrete Anhaltspunkte einer Rechtsverletzung nicht zumutbar. Bei bekannt werden von Rechtsverletzungen werden wir derartige Links umgehend entfernen.<\/p>\n<p><strong>Urheberrecht<\/strong><br \/>\nDie durch die Seitenbetreiber erstellten Inhalte und Werke auf diesen Seiten unterliegen dem deutschen Urheberrecht. Beitr\u00e4ge Dritter sind als solche gekennzeichnet. Die Vervielf\u00e4ltigung, Bearbeitung, Verbreitung und jede Art der Verwertung au\u00dferhalb der Grenzen des Urheberrechtes bed\u00fcrfen der schriftlichen Zustimmung des jeweiligen Autors bzw. Erstellers. Downloads und Kopien dieser Seite sind nur f\u00fcr den privaten, nicht kommerziellen Gebrauch gestattet.<br \/>\nDie Betreiber der Seiten sind bem\u00fcht, stets die Urheberrechte anderer zu beachten bzw. auf selbst erstellte sowie lizenzfreie Werke zur\u00fcckzugreifen.<\/p>\n<p><strong>Datenschutz<\/strong><br \/>\nSoweit auf unseren Seiten personenbezogene Daten (beispielsweise Name, Anschrift oder E-Mail-Adressen) erhoben werden, erfolgt dies soweit m\u00f6glich stets auf freiwilliger Basis. Die Nutzung der Angebote und Dienste ist, soweit m\u00f6glich, stets ohne Angabe personenbezogener Daten m\u00f6glich.<\/p>\n<p>Wir weisen darauf hin, dass die Daten\u00fcbertragung im Internet (z.B. bei der Kommunikation per E-Mail) Sicherheitsl\u00fccken aufweisen kann. Ein l\u00fcckenloser Schutz der Daten vor dem Zugriff durch Dritte ist derzeit nicht m\u00f6glich.<\/p>\n<p>Der Nutzung von im Rahmen der Impressumspflicht ver\u00f6ffentlichten Kontaktdaten durch Dritte zur \u00dcbersendung von nicht ausdr\u00fccklich angeforderter Werbung und Informationsmaterialien wird hiermit ausdr\u00fccklich widersprochen. Die Betreiber der Seiten behalten sich ausdr\u00fccklich rechtliche Schritte im Falle der unverlangten Zusendung von Werbeinformationen, etwa durch Spam-Mails, vor.<\/p>\n","protected":false},"excerpt":{"rendered":"<p>Impressum gem\u00e4\u00df \u00a7 5 Telemediengesetz (TMG) Im Pfarrverband Dietramszell werden folgende Pfarreien gemeinsam verwaltet: &#8211; Pfarrei St. Leonhard, Ascholding &#8211; Pfarrei Mari\u00e4 Himmelfahrt, Dietramszell &#8211; Pfarrei St. Valentin, Hechenberg &#8211; Kuratie Zu den sieben Schmerzen Mariens, Linden &#8211; Kuratie St. Katharina, Thankirchen Kath. Pfarrkirchenstiftung Mari\u00e4 Himmelfahrt Dietramszell Am Richteranger 8 83623 Dietramszell Telefon: 08027-9038-0 E-Mail:\u00a0pv-dietramszell@ebmuc.de &hellip; <a href=\"https:\/\/pfarrverband-dietramszell.de\/WordPress_02\/?page_id=107\" class=\"more-link\">Weiterlesen <span class=\"screen-reader-text\">Impressum<\/span><\/a><\/p>\n","protected":false},"author":1,"featured_media":0,"parent":0,"menu_order":7,"comment_status":"closed","ping_status":"closed","template":"","meta":{"footnotes":""},"class_list":["post-107","page","type-page","status-publish","hentry","without-featured-image"],"_links":{"self":[{"href":"https:\/\/pfarrverband-dietramszell.de\/WordPress_02\/index.php?rest_route=\/wp\/v2\/pages\/107","targetHints":{"allow":["GET"]}}],"collection":[{"href":"https:\/\/pfarrverband-dietramszell.de\/WordPress_02\/index.php?rest_route=\/wp\/v2\/pages"}],"about":[{"href":"https:\/\/pfarrverband-dietramszell.de\/WordPress_02\/index.php?rest_route=\/wp\/v2\/types\/page"}],"author":[{"embeddable":true,"href":"https:\/\/pfarrverband-dietramszell.de\/WordPress_02\/index.php?rest_route=\/wp\/v2\/users\/1"}],"replies":[{"embeddable":true,"href":"https:\/\/pfarrverband-dietramszell.de\/WordPress_02\/index.php?rest_route=%2Fwp%2Fv2%2Fcomments&post=107"}],"version-history":[{"count":8,"href":"https:\/\/pfarrverband-dietramszell.de\/WordPress_02\/index.php?rest_route=\/wp\/v2\/pages\/107\/revisions"}],"predecessor-version":[{"id":5440,"href":"https:\/\/pfarrverband-dietramszell.de\/WordPress_02\/index.php?rest_route=\/wp\/v2\/pages\/107\/revisions\/5440"}],"wp:attachment":[{"href":"https:\/\/pfarrverband-dietramszell.de\/WordPress_02\/index.php?rest_route=%2Fwp%2Fv2%2Fmedia&parent=107"}],"curies":[{"name":"wp","href":"https:\/\/api.w.org\/{rel}","templated":true}]}}