{"id":100,"date":"2017-02-05T08:08:01","date_gmt":"2017-02-05T08:08:01","guid":{"rendered":"http:\/\/pfarrverband-dietramszell.de\/?page_id=100"},"modified":"2026-04-28T05:45:09","modified_gmt":"2026-04-28T05:45:09","slug":"startseite","status":"publish","type":"page","link":"https:\/\/pfarrverband-dietramszell.de\/WordPress_02\/","title":{"rendered":"Aktuelle Informationen"},"content":{"rendered":"\n<p><img loading=\"lazy\" decoding=\"async\" class=\"alignnone size-full wp-image-5631\" src=\"http:\/\/pfarrverband-dietramszell.de\/WordPress_02\/wp-content\/uploads\/2026\/04\/Titelbild-Mai-2026.jpg\" alt=\"\" width=\"1650\" height=\"1099\" srcset=\"https:\/\/pfarrverband-dietramszell.de\/WordPress_02\/wp-content\/uploads\/2026\/04\/Titelbild-Mai-2026.jpg 1650w, https:\/\/pfarrverband-dietramszell.de\/WordPress_02\/wp-content\/uploads\/2026\/04\/Titelbild-Mai-2026-300x200.jpg 300w, https:\/\/pfarrverband-dietramszell.de\/WordPress_02\/wp-content\/uploads\/2026\/04\/Titelbild-Mai-2026-1024x682.jpg 1024w, https:\/\/pfarrverband-dietramszell.de\/WordPress_02\/wp-content\/uploads\/2026\/04\/Titelbild-Mai-2026-768x512.jpg 768w, https:\/\/pfarrverband-dietramszell.de\/WordPress_02\/wp-content\/uploads\/2026\/04\/Titelbild-Mai-2026-1536x1023.jpg 1536w, https:\/\/pfarrverband-dietramszell.de\/WordPress_02\/wp-content\/uploads\/2026\/04\/Titelbild-Mai-2026-571x380.jpg 571w\" sizes=\"auto, (max-width: 1650px) 100vw, 1650px\" \/><\/p>\n<p>Unter deinen Schutz und Schirm fliehen wir, o heilige Gottesgeb\u00e4rerin. Verschm\u00e4he nicht unser Gebet in unseren N\u00f6ten, sondern erl\u00f6se uns jederzeit aus allen Gefahren, o du glorreiche und gebenedeite Jungfrau. Unsere Frau, unsere Mittlerin, unsere F\u00fcrsprecherin. Vers\u00f6hne uns mit deinem Sohne, empfiehl uns deinem Sohne, stelle uns vor deinem Sohne. Amen.\u00a0\u00a0\u00a0\u00a0\u00a0\u00a0\u00a0\u00a0\u00a0\u00a0\u00a0\u00a0\u00a0\u00a0\u00a0\u00a0\u00a0\u00a0\u00a0\u00a0\u00a0\u00a0\u00a0\u00a0\u00a0\u00a0 <em>(\u00e4ltestes Mariengebet, 3. Jhd)<\/em><\/p>\n\n\n\n<hr class=\"wp-block-separator has-alpha-channel-opacity\"\/>\n\n\n\n<figure class=\"wp-block-table\"><\/figure>\n\n\n\n<h2 class=\"wp-block-heading\">Aktueller Pfarrbrief<\/h2>\n\n\n\n<p><a href=\"http:\/\/pfarrverband-dietramszell.de\/WordPress_02\/wp-content\/uploads\/2026\/04\/PB-2026-4-Mai-final.pdf\" target=\"_blank\" rel=\"noreferrer noopener\">Pfarrbrief Mai 2026<\/a><\/p>\n\n\n\n\n\n\n","protected":false},"excerpt":{"rendered":"<p>Unter deinen Schutz und Schirm fliehen wir, o heilige Gottesgeb\u00e4rerin. Verschm\u00e4he nicht unser Gebet in unseren N\u00f6ten, sondern erl\u00f6se uns jederzeit aus allen Gefahren, o du glorreiche und gebenedeite Jungfrau. Unsere Frau, unsere Mittlerin, unsere F\u00fcrsprecherin. Vers\u00f6hne uns mit deinem Sohne, empfiehl uns deinem Sohne, stelle uns vor deinem Sohne. Amen.\u00a0\u00a0\u00a0\u00a0\u00a0\u00a0\u00a0\u00a0\u00a0\u00a0\u00a0\u00a0\u00a0\u00a0\u00a0\u00a0\u00a0\u00a0\u00a0\u00a0\u00a0\u00a0\u00a0\u00a0\u00a0\u00a0 (\u00e4ltestes Mariengebet, 3. Jhd) &hellip; <a href=\"https:\/\/pfarrverband-dietramszell.de\/WordPress_02\/\" class=\"more-link\">Weiterlesen <span class=\"screen-reader-text\">Aktuelle Informationen<\/span><\/a><\/p>\n","protected":false},"author":1,"featured_media":0,"parent":0,"menu_order":1,"comment_status":"closed","ping_status":"closed","template":"","meta":{"footnotes":""},"class_list":["post-100","page","type-page","status-publish","hentry","without-featured-image"],"_links":{"self":[{"href":"https:\/\/pfarrverband-dietramszell.de\/WordPress_02\/index.php?rest_route=\/wp\/v2\/pages\/100","targetHints":{"allow":["GET"]}}],"collection":[{"href":"https:\/\/pfarrverband-dietramszell.de\/WordPress_02\/index.php?rest_route=\/wp\/v2\/pages"}],"about":[{"href":"https:\/\/pfarrverband-dietramszell.de\/WordPress_02\/index.php?rest_route=\/wp\/v2\/types\/page"}],"author":[{"embeddable":true,"href":"https:\/\/pfarrverband-dietramszell.de\/WordPress_02\/index.php?rest_route=\/wp\/v2\/users\/1"}],"replies":[{"embeddable":true,"href":"https:\/\/pfarrverband-dietramszell.de\/WordPress_02\/index.php?rest_route=%2Fwp%2Fv2%2Fcomments&post=100"}],"version-history":[{"count":248,"href":"https:\/\/pfarrverband-dietramszell.de\/WordPress_02\/index.php?rest_route=\/wp\/v2\/pages\/100\/revisions"}],"predecessor-version":[{"id":5633,"href":"https:\/\/pfarrverband-dietramszell.de\/WordPress_02\/index.php?rest_route=\/wp\/v2\/pages\/100\/revisions\/5633"}],"wp:attachment":[{"href":"https:\/\/pfarrverband-dietramszell.de\/WordPress_02\/index.php?rest_route=%2Fwp%2Fv2%2Fmedia&parent=100"}],"curies":[{"name":"wp","href":"https:\/\/api.w.org\/{rel}","templated":true}]}}